
Let i = -56 + 99. Let v = -17 + i. Let r = 618 - 567. Calculate the remainder when r is divided by v.
25
Suppose -153 = -95*x + 92*x. Let h(f) = 7*f**2 + 14*f - 138. What is the remainder when h(7) is divided by x?
48
Suppose -r - 38 + 71 = 0. Suppose 5*w + 6 + 19 = -a, 0 = 2*w + 5*a + r. Calculate the remainder when 5 is divided by 1/w + (-255)/(-60).
1
Let v = -46 + 49. Suppose 4*d - 258 = -5*z, 0 = -3*z - d - v*d + 150. Let i = z - 41. What is the remainder when 37 is divided by i?
11
Let r = -28471 + 28543. What is the remainder when 133 is divided by r?
61
Let y = 31252 - 31145. What is the remainder when 309 is divided by y?
95
Suppose 2*i + 4*o - 42 = -0*i, o = 4*i - 102. Let d(v) = 3*v**2 - 7*v + 1. Suppose -2*y + 26 = 20. Calculate the remainder when i is divided by d(y).
4
Suppose -5*u + m + 6 = 0, 4*u - m - 5 = -0. Calculate the remainder when (-8)/6*(-9 + 1560/(-16)) is divided by u/(1/(3 - -33)).
34
Let r(t) = -3*t - 71. Let o(q) = -3*q - 72. Let k(n) = -6*o(n) + 5*r(n). What is the remainder when k(24) is divided by 19?
16
Let f be 2/(-8) - (-9139)/76. Suppose 2*h + f = 6*h. Calculate the remainder when 89 is divided by h.
29
Suppose 4*a + 4*o - 96 = 0, 2*a - 4*o - 675 = -603. Calculate the remainder when 945 is divided by a.
21
Let b(q) = -94*q - 797. What is the remainder when 4555 is divided by b(-9)?
47
Let j(b) be the third derivative of b**6/120 + b**5/4 + 11*b**4/12 + 7*b**3/2 + 19*b**2. What is the remainder when j(-12) is divided by 16?
13
Suppose -n - 5*w + 10 = -0, 0 = 4*n - 3*w + 6. Suppose n = -z - 0*y + 4*y + 110, 0 = -2*y + 4. Calculate the remainder when z is divided by 34.
16
Let a be -1 + 114 + (-5 - -3) + -4. Suppose 5*b + d = 3*d + a, -d = 3*b - 62. Suppose -4*u + 15 + b = 0. Calculate the remainder when 43 is divided by u.
7
Suppose -79*a + 833 = -73 - 2017. Let z be -22*((-6)/(-4) + -2). Let t(w) = 2*w - 12. Calculate the remainder when a is divided by t(z).
7
Suppose -2*w + 6 = 8. Let g be ((-16)/8 + 3)/(w/(-2)). Suppose -5*f + 81 = 3*y, 0 = 3*f - 2*y - g*y - 66. What is the remainder when 69 is divided by f?
15
Suppose 4*f + 427 = 3*c + 357, -4*c + 68 = f. What is the remainder when 624 is divided by c?
12
Let k = -3 + 3. Let c be (2 + k)/(-4*(-5)/(-10)). Let f(i) = -18*i - 3. Calculate the remainder when 72 is divided by f(c).
12
Calculate the remainder when 833 is divided by (-27 - -11) + 114 + -14.
77
Let j(c) = -c**3 - 22*c**2 - 18*c + 67. Let m be j(-21). Calculate the remainder when 16 is divided by -1 - (-7)/(-2)*(-8)/m.
4
Let w = -38 - -107. Let k = 76 - w. Suppose 4*c + k*c = 110. What is the remainder when 56 is divided by c?
6
Calculate the remainder when 313 is divided by ((-21)/12)/(4/(-144)*1).
61
Suppose 2*u - 8 = 0, 5*j - j = -3*u + 612. Let q = -85 + j. Suppose y + 3*x = 32, -8*y + 10*y + 4*x - 54 = 0. What is the remainder when q is divided by y?
14
Let f be 2*1*(-9 + 133 + 0). Let w = f - 139. Calculate the remainder when w is divided by 20.
9
Suppose -5 = -u + 5*q, 5*u - 10 = 3*q - 7. Suppose 3*a = -0 + 15, u = -5*i + a. What is the remainder when 2 is divided by i?
0
What is the remainder when ((-64)/48)/(-1*8/(-12)) + 503 is divided by 128?
117
Suppose 0 = 3*s + 7 - 40. Calculate the remainder when ((-300)/(-20))/(9/57) is divided by s.
7
Suppose m - 197 = -5*o + 2*m, 4*o - 4*m - 164 = 0. Suppose 180 = -0*k + 4*k. Let w = k - o. What is the remainder when w is divided by 4?
2
Let x(s) = 149*s**2 + 26*s + 9. Calculate the remainder when 11604 is divided by x(5).
12
Let y(o) = o**3 + 12*o**2 - 38*o - 103. What is the remainder when 547 is divided by y(-14)?
29
Suppose -21537*c + 103518 = -21510*c. Calculate the remainder when c is divided by 4.
2
Suppose 0*y + 2876 = -5*c - 2*y, -5*y = 5*c + 2885. Let h = c + 598. What is the remainder when 54 is divided by h?
6
Let v = 3361 - 3313. Calculate the remainder when 214 is divided by v.
22
Let i(r) = -r**3 - 19*r**2 - 44*r - 5. Let k be i(-14). Let x = k - -400. What is the remainder when x is divided by 4?
3
Suppose -18*r + 2*r - 4416 = 0. Let w = r - -385. Calculate the remainder when w is divided by 7.
4
What is the remainder when (-4 + 694)*(4 - 56/16) is divided by 34?
5
Let r = 115 + -67. Suppose -d + 202 - 483 = -2*a, 272 = 2*a + 2*d. Calculate the remainder when a is divided by r.
43
What is the remainder when (21/(1386/(-1284)))/(46/(-506)) is divided by (-2)/(-4) + 23/2?
10
Let o = -12817 - -12893. What is the remainder when o is divided by 16?
12
Let n(z) = 73*z**2 + 9*z - 47. What is the remainder when n(7) is divided by 31?
28
Let n(d) = 28*d**2 + 102*d - 76. What is the remainder when n(-7) is divided by 167?
81
Let j be (-25)/((-1575)/162)*(-196)/(-2). Suppose -s - j = -5*s. Let u = -31 + s. Calculate the remainder when 108 is divided by u.
12
Suppose 0 = -2*s + 6*w + 8, 24*w - 20*w = s - 3. Let n(v) = -2*v**2 - v + 25. Calculate the remainder when n(0) is divided by s.
4
Let k(n) = n. Let j be k(18). Suppose 23 = 5*l + 6*y - 3*y, -4*l + 36 = -2*y. Let i = j - l. What is the remainder when i is divided by 7?
4
What is the remainder when (0 - -64) + -19*90/(-570) is divided by 14/(-8)*(-5 + 1)?
4
Let g be ((-780)/(-80))/((-6)/16). Let i = g + 75. Suppose 0*r = -r + i. Calculate the remainder when r is divided by 10.
9
Let h(g) = -g + 4. Suppose 17*y - 784 = -75*y - 6*y. Calculate the remainder when y is divided by h(-4).
0
Suppose -28*s + 2*t + 10 = -27*s, -4*s - 5*t + 105 = 0. Calculate the remainder when 2737 is divided by s.
17
Let w be (-2)/10 - 2710/(-50). Suppose -55*l + 3 = -w*l. What is the remainder when 50 is divided by l?
2
Suppose -13 = 3*h - 31, -h - 4266 = -3*i. Calculate the remainder when i is divided by 31.
29
Suppose -5*z = 3*b - 420, 0 = -4*b - 4*z + 315 + 245. What is the remainder when b is divided by ((-48)/10)/((-20)/200)?
44
Suppose -66*o + k + 63 = -64*o, -2*k - 33 = -o. What is the remainder when 235 is divided by o?
18
Suppose 677 + 175 = 19*u + 111. What is the remainder when 2118 is divided by u?
12
What is the remainder when (-6760)/(-75) + (-46)/345 is divided by 22?
2
Let g(v) = 2*v**2 + 6*v - 7. Let n be g(-7). Let d = n - 33. Let c = -29 + 92. Calculate the remainder when c is divided by d.
15
Let x = -19050 - -22277. Calculate the remainder when x is divided by 5.
2
What is the remainder when (-22)/(-462) + 8984/84 is divided by 100?
7
Let u be 27/18*(-346)/(-3). Let c = u + -102. What is the remainder when c is divided by (-164)/410*(-125)/2?
21
Let l be 0/(3 + 1 - 0). Suppose l*j + 2*j - 2 = 0, -15 = t + 5*j. Let w = 44 - t. What is the remainder when w is divided by 18?
10
Suppose -4653 = -14*c - 187. Let b = c - 260. Calculate the remainder when b is divided by 20.
19
Let g = -5 - -71. Let l = 71 - g. What is the remainder when 7 is divided by l?
2
Let f = -462 - -470. Suppose -80 = 4*h - f*h. Calculate the remainder when 213 is divided by h.
13
Suppose -103*w + 67491 - 11665 = 0. Calculate the remainder when w is divided by 32.
30
Calculate the remainder when (-1665)/9*(680/(-100) - (-2)/2) is divided by 258.
41
Suppose 0*y + 272 + 652 = 21*y. Calculate the remainder when 51 is divided by y.
7
Suppose -d + 11*d - 160 = 0. Suppose -d - 101 = -9*f. What is the remainder when 245 is divided by f?
11
Suppose 74*h = 75*h - 18. Suppose -3*g = -93 + h. What is the remainder when g is divided by ((-9)/(-2))/((-4)/(-8))?
7
Let z = 18150 - 15713. What is the remainder when z is divided by 2437?
0
Suppose 5*f = 42 - 27, -1 = -2*l + 3*f. Let x(b) = 2*b + 49. What is the remainder when x(l) is divided by 20?
19
Let m(y) = 16*y**2 - 55*y + 1. Let q(f) = -12*f - 8. Let k be q(-1). Calculate the remainder when 104 is divided by m(k).
30
Let j(n) = 2*n**2 + 4*n + 5. Let v be j(3). Let f(t) = 4*t - 93. Calculate the remainder when f(v) is divided by 5.
2
What is the remainder when 1 - (-281 + -1)*(480/45 + -10) is divided by 30?
9
Suppose 2449 = 15*n + 859. Let w = 39 + -15. Calculate the remainder when n is divided by w.
10
Suppose -16868 = -4*n - 10*n - 15118. Calculate the remainder when 757 is divided by n.
7
Let p be (132 - 1)/((-1)/(-1)). Suppose -58 - p = -3*i. Suppose -12*j + 69 = -i. Calculate the remainder when 19 is divided by j.
8
Let l(h) = h**2 + 17*h - 3. Let x be l(-17). Let v be 1/(-